{"id":2865,"date":"2026-01-11T17:09:06","date_gmt":"2026-01-11T17:09:06","guid":{"rendered":"https:\/\/bambinoscorner.ma\/?product=porte-bebe-infantino-4-en-1"},"modified":"2026-01-11T17:09:29","modified_gmt":"2026-01-11T17:09:29","slug":"porte-bebe-infantino-4-en-1","status":"publish","type":"product","link":"https:\/\/bambinoscorner.ma\/?product=porte-bebe-infantino-4-en-1","title":{"rendered":"Porte b\u00e9b\u00e9 Infantino 4 en 1"},"content":{"rendered":"","protected":false},"excerpt":{"rendered":"<p>Ce porte-b\u00e9b\u00e9 multifonctionnel vous permet de porter votre b\u00e9b\u00e9 de 4 mani\u00e8res diff\u00e9rentes, toutes ergonomiques. Ce porte-b\u00e9b\u00e9 offre une opportunit\u00e9 unique pour vous et votre b\u00e9b\u00e9 d&#8217;\u00eatre proches et d&#8217;\u00e9prouver un sentiment de s\u00e9curit\u00e9 similaire \u00e0 celui que votre b\u00e9b\u00e9 a v\u00e9cu dans le ventre de sa m\u00e8re.<\/p>\n<h3>4 positions de portage confortables gr\u00e2ce au porte-b\u00e9b\u00e9 Flip Advanced de Infantino<\/h3>\n<p>La premi\u00e8re position de portage est sur le ventre, avec votre b\u00e9b\u00e9 face \u00e0 vous dans une position assise \u00e9troite. Elle convient aux b\u00e9b\u00e9s pesant de 3,6 kg \u00e0 8,6 kg. La deuxi\u00e8me option est \u00e9galement sur le ventre, mais en position assise ergonomique large, avec votre b\u00e9b\u00e9 face \u00e0 vous. Cette position convient aux b\u00e9b\u00e9s pesant de 6,8 kg \u00e0 14,5 kg.<\/p>\n<p>La troisi\u00e8me position de portage est \u00e9galement sur le ventre, mais cette fois-ci avec l&#8217;enfant tourn\u00e9 vers l&#8217;ext\u00e9rieur. La position assise est \u00e9troite et convient lorsque votre b\u00e9b\u00e9 peut s&#8217;allonger sur le ventre sans aide. Enfin, la quatri\u00e8me position de portage est sur le dos, avec votre b\u00e9b\u00e9 en position large, face \u00e0 votre dos.<\/p>\n","protected":false},"featured_media":2863,"comment_status":"open","ping_status":"closed","template":"","meta":{"site-sidebar-layout":"default","site-content-layout":"","ast-site-content-layout":"","site-content-style":"default","site-sidebar-style":"default","ast-global-header-display":"","ast-banner-title-visibility":"","ast-main-header-display":"","ast-hfb-above-header-display":"","ast-hfb-below-header-display":"","ast-hfb-mobile-header-display":"","site-post-title":"","ast-breadcrumbs-content":"","ast-featured-img":"","footer-sml-layout":"","theme-transparent-header-meta":"","adv-header-id-meta":"","stick-header-meta":"","header-above-stick-meta":"","header-main-stick-meta":"","header-below-stick-meta":"","astra-migrate-meta-layouts":"default","ast-page-background-enabled":"default","ast-page-background-meta":{"desktop":{"background-color":"var(--ast-global-color-4)","background-image":"","background-repeat":"repeat","background-position":"center center","background-size":"auto","background-attachment":"scroll","background-type":"","background-media":"","overlay-type":"","overlay-color":"","overlay-opacity":"","overlay-gradient":""},"tablet":{"background-color":"","background-image":"","background-repeat":"repeat","background-position":"center center","background-size":"auto","background-attachment":"scroll","background-type":"","background-media":"","overlay-type":"","overlay-color":"","overlay-opacity":"","overlay-gradient":""},"mobile":{"background-color":"","background-image":"","background-repeat":"repeat","background-position":"center center","background-size":"auto","background-attachment":"scroll","background-type":"","background-media":"","overlay-type":"","overlay-color":"","overlay-opacity":"","overlay-gradient":""}},"ast-content-background-meta":{"desktop":{"background-color":"var(--ast-global-color-5)","background-image":"","background-repeat":"repeat","background-position":"center center","background-size":"auto","background-attachment":"scroll","background-type":"","background-media":"","overlay-type":"","overlay-color":"","overlay-opacity":"","overlay-gradient":""},"tablet":{"background-color":"var(--ast-global-color-5)","background-image":"","background-repeat":"repeat","background-position":"center center","background-size":"auto","background-attachment":"scroll","background-type":"","background-media":"","overlay-type":"","overlay-color":"","overlay-opacity":"","overlay-gradient":""},"mobile":{"background-color":"var(--ast-global-color-5)","background-image":"","background-repeat":"repeat","background-position":"center center","background-size":"auto","background-attachment":"scroll","background-type":"","background-media":"","overlay-type":"","overlay-color":"","overlay-opacity":"","overlay-gradient":""}}},"product_cat":[38,37,58,41,59],"product_tag":[],"jetpack_sharing_enabled":true,"_links":{"self":[{"href":"https:\/\/bambinoscorner.ma\/index.php?rest_route=\/wp\/v2\/product\/2865"}],"collection":[{"href":"https:\/\/bambinoscorner.ma\/index.php?rest_route=\/wp\/v2\/product"}],"about":[{"href":"https:\/\/bambinoscorner.ma\/index.php?rest_route=\/wp\/v2\/types\/product"}],"replies":[{"embeddable":true,"href":"https:\/\/bambinoscorner.ma\/index.php?rest_route=%2Fwp%2Fv2%2Fcomments&post=2865"}],"version-history":[{"count":1,"href":"https:\/\/bambinoscorner.ma\/index.php?rest_route=\/wp\/v2\/product\/2865\/revisions"}],"predecessor-version":[{"id":2866,"href":"https:\/\/bambinoscorner.ma\/index.php?rest_route=\/wp\/v2\/product\/2865\/revisions\/2866"}],"wp:featuredmedia":[{"embeddable":true,"href":"https:\/\/bambinoscorner.ma\/index.php?rest_route=\/wp\/v2\/media\/2863"}],"wp:attachment":[{"href":"https:\/\/bambinoscorner.ma\/index.php?rest_route=%2Fwp%2Fv2%2Fmedia&parent=2865"}],"wp:term":[{"taxonomy":"product_cat","embeddable":true,"href":"https:\/\/bambinoscorner.ma\/index.php?rest_route=%2Fwp%2Fv2%2Fproduct_cat&post=2865"},{"taxonomy":"product_tag","embeddable":true,"href":"https:\/\/bambinoscorner.ma\/index.php?rest_route=%2Fwp%2Fv2%2Fproduct_tag&post=2865"}],"curies":[{"name":"wp","href":"https:\/\/api.w.org\/{rel}","templated":true}]}}