{"id":2108,"date":"2025-09-12T23:04:55","date_gmt":"2025-09-12T23:04:55","guid":{"rendered":"https:\/\/bambinoscorner.ma\/?product=anneau-de-dentition-nuk"},"modified":"2025-09-12T23:04:58","modified_gmt":"2025-09-12T23:04:58","slug":"anneau-de-dentition-nuk","status":"publish","type":"product","link":"https:\/\/bambinoscorner.ma\/?product=anneau-de-dentition-nuk","title":{"rendered":"Anneau de dentition NUK"},"content":{"rendered":"<ul>\n<li style=\"margin-top: 0px;margin-bottom: 0.05rem\">Refroidit intensivement<\/li>\n<li style=\"margin-top: 0px;margin-bottom: 0.05rem\">Atteint tous les endroits de la bouche de b\u00e9b\u00e9 gr\u00e2ce \u00e0 sa forme<\/li>\n<li style=\"margin-top: 0px;margin-bottom: 0.05rem\">Diff\u00e9rentes structures assurent un massage vari\u00e9<\/li>\n<li style=\"margin-top: 0px;margin-bottom: 0.05rem\">La jolie forme de tortue dans des couleurs attrayantes attire l&#8217;attention de b\u00e9b\u00e9 et offre une distraction, facile \u00e0 saisir.<\/li>\n<li style=\"margin-top: 0px;margin-bottom: 0.05rem\">Convient aux enfants \u00e0 partir de 3 mois, sans BPA,<\/li>\n<\/ul>\n","protected":false},"excerpt":{"rendered":"<p>Refroidit intensivement Atteint tous les endroits de la bouche de b\u00e9b\u00e9 gr\u00e2ce \u00e0 sa forme Diff\u00e9rentes structures assurent un massage vari\u00e9 La jolie forme de tortue dans des couleurs attrayantes attire l&#8217;attention de b\u00e9b\u00e9 et offre une distraction, facile \u00e0 saisir. Convient aux enfants \u00e0 partir de 3 mois, sans BPA,<\/p>\n","protected":false},"featured_media":2107,"comment_status":"open","ping_status":"closed","template":"","meta":{"site-sidebar-layout":"default","site-content-layout":"","ast-site-content-layout":"","site-content-style":"default","site-sidebar-style":"default","ast-global-header-display":"","ast-banner-title-visibility":"","ast-main-header-display":"","ast-hfb-above-header-display":"","ast-hfb-below-header-display":"","ast-hfb-mobile-header-display":"","site-post-title":"","ast-breadcrumbs-content":"","ast-featured-img":"","footer-sml-layout":"","theme-transparent-header-meta":"","adv-header-id-meta":"","stick-header-meta":"","header-above-stick-meta":"","header-main-stick-meta":"","header-below-stick-meta":"","astra-migrate-meta-layouts":"default","ast-page-background-enabled":"default","ast-page-background-meta":{"desktop":{"background-color":"var(--ast-global-color-4)","background-image":"","background-repeat":"repeat","background-position":"center center","background-size":"auto","background-attachment":"scroll","background-type":"","background-media":"","overlay-type":"","overlay-color":"","overlay-opacity":"","overlay-gradient":""},"tablet":{"background-color":"","background-image":"","background-repeat":"repeat","background-position":"center center","background-size":"auto","background-attachment":"scroll","background-type":"","background-media":"","overlay-type":"","overlay-color":"","overlay-opacity":"","overlay-gradient":""},"mobile":{"background-color":"","background-image":"","background-repeat":"repeat","background-position":"center center","background-size":"auto","background-attachment":"scroll","background-type":"","background-media":"","overlay-type":"","overlay-color":"","overlay-opacity":"","overlay-gradient":""}},"ast-content-background-meta":{"desktop":{"background-color":"var(--ast-global-color-5)","background-image":"","background-repeat":"repeat","background-position":"center center","background-size":"auto","background-attachment":"scroll","background-type":"","background-media":"","overlay-type":"","overlay-color":"","overlay-opacity":"","overlay-gradient":""},"tablet":{"background-color":"var(--ast-global-color-5)","background-image":"","background-repeat":"repeat","background-position":"center center","background-size":"auto","background-attachment":"scroll","background-type":"","background-media":"","overlay-type":"","overlay-color":"","overlay-opacity":"","overlay-gradient":""},"mobile":{"background-color":"var(--ast-global-color-5)","background-image":"","background-repeat":"repeat","background-position":"center center","background-size":"auto","background-attachment":"scroll","background-type":"","background-media":"","overlay-type":"","overlay-color":"","overlay-opacity":"","overlay-gradient":""}}},"product_cat":[58,42,57],"product_tag":[],"jetpack_sharing_enabled":true,"_links":{"self":[{"href":"https:\/\/bambinoscorner.ma\/index.php?rest_route=\/wp\/v2\/product\/2108"}],"collection":[{"href":"https:\/\/bambinoscorner.ma\/index.php?rest_route=\/wp\/v2\/product"}],"about":[{"href":"https:\/\/bambinoscorner.ma\/index.php?rest_route=\/wp\/v2\/types\/product"}],"replies":[{"embeddable":true,"href":"https:\/\/bambinoscorner.ma\/index.php?rest_route=%2Fwp%2Fv2%2Fcomments&post=2108"}],"version-history":[{"count":0,"href":"https:\/\/bambinoscorner.ma\/index.php?rest_route=\/wp\/v2\/product\/2108\/revisions"}],"wp:featuredmedia":[{"embeddable":true,"href":"https:\/\/bambinoscorner.ma\/index.php?rest_route=\/wp\/v2\/media\/2107"}],"wp:attachment":[{"href":"https:\/\/bambinoscorner.ma\/index.php?rest_route=%2Fwp%2Fv2%2Fmedia&parent=2108"}],"wp:term":[{"taxonomy":"product_cat","embeddable":true,"href":"https:\/\/bambinoscorner.ma\/index.php?rest_route=%2Fwp%2Fv2%2Fproduct_cat&post=2108"},{"taxonomy":"product_tag","embeddable":true,"href":"https:\/\/bambinoscorner.ma\/index.php?rest_route=%2Fwp%2Fv2%2Fproduct_tag&post=2108"}],"curies":[{"name":"wp","href":"https:\/\/api.w.org\/{rel}","templated":true}]}}