{"id":2106,"date":"2025-09-12T22:59:34","date_gmt":"2025-09-12T22:59:34","guid":{"rendered":"https:\/\/bambinoscorner.ma\/?product=ciseaux-nuk-avec-etui"},"modified":"2025-09-12T22:59:37","modified_gmt":"2025-09-12T22:59:37","slug":"ciseaux-nuk-avec-etui","status":"publish","type":"product","link":"https:\/\/bambinoscorner.ma\/?product=ciseaux-nuk-avec-etui","title":{"rendered":"Ciseaux nuk avec \u00e9tui"},"content":{"rendered":"<p style=\"margin-top: 0px;margin-bottom: 15px;font-size: 14px;font-weight: 400;line-height: 24px;font-family: Poppins, sans-serif;font-style: normal;letter-spacing: 1px;text-align: start;text-indent: 0px;text-transform: none;text-decoration: none\">Pour couper les ongles de b\u00e9b\u00e9 en douceur, les ciseaux disposent de lames fines avec des extr\u00e9mit\u00e9s arrondies.<\/p>\n<p style=\"margin-top: 0px;margin-bottom: 15px;font-size: 14px;font-weight: 400;line-height: 24px;font-family: Poppins, sans-serif;font-style: normal;letter-spacing: 1px;text-align: start;text-indent: 0px;text-transform: none;text-decoration: none\">Les poign\u00e9es ergonomiques permettent une bonne prise en main et un toucher doux.<\/p>\n<p style=\"margin-top: 0px;margin-bottom: 15px;font-size: 14px;font-weight: 400;line-height: 24px;font-family: Poppins, sans-serif;font-style: normal;letter-spacing: 1px;text-align: start;text-indent: 0px;text-transform: none;text-decoration: none\">Antid\u00e9rapants, ils apportent une meilleure pr\u00e9hension.<\/p>\n","protected":false},"excerpt":{"rendered":"<p>Pour couper les ongles de b\u00e9b\u00e9 en douceur, les ciseaux disposent de lames fines avec des extr\u00e9mit\u00e9s arrondies. Les poign\u00e9es ergonomiques permettent une bonne prise en main et un toucher doux. Antid\u00e9rapants, ils apportent une meilleure pr\u00e9hension.<\/p>\n","protected":false},"featured_media":2105,"comment_status":"open","ping_status":"closed","template":"","meta":{"site-sidebar-layout":"default","site-content-layout":"","ast-site-content-layout":"","site-content-style":"default","site-sidebar-style":"default","ast-global-header-display":"","ast-banner-title-visibility":"","ast-main-header-display":"","ast-hfb-above-header-display":"","ast-hfb-below-header-display":"","ast-hfb-mobile-header-display":"","site-post-title":"","ast-breadcrumbs-content":"","ast-featured-img":"","footer-sml-layout":"","theme-transparent-header-meta":"","adv-header-id-meta":"","stick-header-meta":"","header-above-stick-meta":"","header-main-stick-meta":"","header-below-stick-meta":"","astra-migrate-meta-layouts":"default","ast-page-background-enabled":"default","ast-page-background-meta":{"desktop":{"background-color":"var(--ast-global-color-4)","background-image":"","background-repeat":"repeat","background-position":"center center","background-size":"auto","background-attachment":"scroll","background-type":"","background-media":"","overlay-type":"","overlay-color":"","overlay-opacity":"","overlay-gradient":""},"tablet":{"background-color":"","background-image":"","background-repeat":"repeat","background-position":"center center","background-size":"auto","background-attachment":"scroll","background-type":"","background-media":"","overlay-type":"","overlay-color":"","overlay-opacity":"","overlay-gradient":""},"mobile":{"background-color":"","background-image":"","background-repeat":"repeat","background-position":"center center","background-size":"auto","background-attachment":"scroll","background-type":"","background-media":"","overlay-type":"","overlay-color":"","overlay-opacity":"","overlay-gradient":""}},"ast-content-background-meta":{"desktop":{"background-color":"var(--ast-global-color-5)","background-image":"","background-repeat":"repeat","background-position":"center center","background-size":"auto","background-attachment":"scroll","background-type":"","background-media":"","overlay-type":"","overlay-color":"","overlay-opacity":"","overlay-gradient":""},"tablet":{"background-color":"var(--ast-global-color-5)","background-image":"","background-repeat":"repeat","background-position":"center center","background-size":"auto","background-attachment":"scroll","background-type":"","background-media":"","overlay-type":"","overlay-color":"","overlay-opacity":"","overlay-gradient":""},"mobile":{"background-color":"var(--ast-global-color-5)","background-image":"","background-repeat":"repeat","background-position":"center center","background-size":"auto","background-attachment":"scroll","background-type":"","background-media":"","overlay-type":"","overlay-color":"","overlay-opacity":"","overlay-gradient":""}}},"product_cat":[42],"product_tag":[],"jetpack_sharing_enabled":true,"_links":{"self":[{"href":"https:\/\/bambinoscorner.ma\/index.php?rest_route=\/wp\/v2\/product\/2106"}],"collection":[{"href":"https:\/\/bambinoscorner.ma\/index.php?rest_route=\/wp\/v2\/product"}],"about":[{"href":"https:\/\/bambinoscorner.ma\/index.php?rest_route=\/wp\/v2\/types\/product"}],"replies":[{"embeddable":true,"href":"https:\/\/bambinoscorner.ma\/index.php?rest_route=%2Fwp%2Fv2%2Fcomments&post=2106"}],"version-history":[{"count":0,"href":"https:\/\/bambinoscorner.ma\/index.php?rest_route=\/wp\/v2\/product\/2106\/revisions"}],"wp:featuredmedia":[{"embeddable":true,"href":"https:\/\/bambinoscorner.ma\/index.php?rest_route=\/wp\/v2\/media\/2105"}],"wp:attachment":[{"href":"https:\/\/bambinoscorner.ma\/index.php?rest_route=%2Fwp%2Fv2%2Fmedia&parent=2106"}],"wp:term":[{"taxonomy":"product_cat","embeddable":true,"href":"https:\/\/bambinoscorner.ma\/index.php?rest_route=%2Fwp%2Fv2%2Fproduct_cat&post=2106"},{"taxonomy":"product_tag","embeddable":true,"href":"https:\/\/bambinoscorner.ma\/index.php?rest_route=%2Fwp%2Fv2%2Fproduct_tag&post=2106"}],"curies":[{"name":"wp","href":"https:\/\/api.w.org\/{rel}","templated":true}]}}