{"id":2083,"date":"2025-09-12T22:09:10","date_gmt":"2025-09-12T22:09:10","guid":{"rendered":"https:\/\/bambinoscorner.ma\/?product=baby-walker-trotteur-2-en-1"},"modified":"2025-09-12T22:09:12","modified_gmt":"2025-09-12T22:09:12","slug":"baby-walker-trotteur-2-en-1","status":"publish","type":"product","link":"https:\/\/bambinoscorner.ma\/?product=baby-walker-trotteur-2-en-1","title":{"rendered":"Baby Walker . Trotteur 2 en 1"},"content":{"rendered":"<div class=\"flex flex-alignItems-center\" style=\"margin: 0px;padding: 0px;border: 0px;font-style: normal;font-weight: 400;font-size: 14px;line-height: inherit;font-family: Poppins, sans-serif;vertical-align: baseline;flex: 1 1 auto;align-items: center;width: 410px;letter-spacing: normal;text-align: start;text-indent: 0px;text-transform: none;text-decoration: none\">\n<h2 id=\"block-4-information-flat-0\" class=\"product__title product__title--large display-inline-block\" style=\"margin: 5px 0px;padding: 0px;border: 0px;font-style: inherit;font-weight: 700;font-size: 1.6rem;line-height: 1.61;font-family: Poppins, sans-serif;vertical-align: baseline\"><strong>Trotteur Parlant 2 En 1<\/strong><\/h2>\n<\/div>\n<div data-ng-if=\"information.key === 'jcp_description'\" class=\"seo_description\" style=\"margin: 0px;padding: 0px;border: 0px;font-style: normal;font-weight: 400;font-size: 14px;line-height: inherit;font-family: Poppins, sans-serif;vertical-align: baseline;letter-spacing: normal;text-align: start;text-indent: 0px;text-transform: none;text-decoration: none\">\n<p style=\"margin: 0px 0px 6px;padding: 0px;border: 0px;font-style: inherit;font-weight: inherit;font-size: inherit;line-height: inherit;font-family: inherit;vertical-align: baseline\"><strong style=\"margin: 0px;padding: 0px;border: 0px;font-style: inherit;font-weight: bold;font-size: inherit;line-height: inherit;font-family: inherit;vertical-align: baseline\">Super trotteur parlant 2 en 1 : le meilleur appui pour votre enfant<\/strong><\/p>\n<p style=\"margin: 0px 0px 6px;padding: 0px;border: 0px;font-style: inherit;font-weight: inherit;font-size: inherit;line-height: inherit;font-family: inherit;vertical-align: baseline\">Quand votre b\u00e9b\u00e9 grandit, c\u2019est le moment de lui offrir ce Super trotteur parlant 2 en 1. Encouragez ses efforts dans le confort tout en lui apprenant \u00e0 marcher en toute s\u00e9curit\u00e9.<\/p>\n<h2 style=\"margin: 0px 0px 6px;padding: 10px 0px 0px;border: 0px;font-style: inherit;font-weight: bold;font-size: 1.6rem;line-height: 1.1;font-family: inherit;vertical-align: baseline\"><strong>Super trotteur parlant 2 en 1 : pour aider b\u00e9b\u00e9 \u00e0 bien grandir<\/strong><\/h2>\n<p style=\"margin: 0px 0px 6px;padding: 0px;border: 0px;font-style: inherit;font-weight: inherit;font-size: inherit;line-height: inherit;font-family: inherit;vertical-align: baseline\">B\u00e9b\u00e9 peut partir \u00e0 la d\u00e9couverte de son entourage en toute s\u00e9curit\u00e9 gr\u00e2ce \u00e0 ce jouet multifonctions . Ce trotteur est con\u00e7u pour l&#8217;amuser, l&#8217;\u00e9veiller et lui procurer des moments de joie tout au long de sa croissance.<\/p>\n<\/div>\n","protected":false},"excerpt":{"rendered":"<div class=\"flex flex-alignItems-center\" style=\"margin: 0px;padding: 0px;border: 0px;font-style: normal;font-weight: 400;font-size: 14px;line-height: inherit;font-family: Poppins, sans-serif;vertical-align: baseline;flex: 1 1 auto;align-items: center;width: 410px;letter-spacing: normal;text-align: start;text-indent: 0px;text-transform: none;text-decoration: none\">\n<h2 id=\"block-4-information-flat-0\" class=\"product__title product__title--large display-inline-block\" style=\"margin: 5px 0px;padding: 0px;border: 0px;font-style: inherit;font-weight: 700;font-size: 1.6rem;line-height: 1.61;font-family: Poppins, sans-serif;vertical-align: baseline\"><strong>Trotteur Parlant 2 En 1<\/strong><\/h2>\n<\/div>\n<div data-ng-if=\"information.key === 'jcp_description'\" class=\"seo_description\" style=\"margin: 0px;padding: 0px;border: 0px;font-style: normal;font-weight: 400;font-size: 14px;line-height: inherit;font-family: Poppins, sans-serif;vertical-align: baseline;letter-spacing: normal;text-align: start;text-indent: 0px;text-transform: none;text-decoration: none\">\n<p style=\"margin: 0px 0px 6px;padding: 0px;border: 0px;font-style: inherit;font-weight: inherit;font-size: inherit;line-height: inherit;font-family: inherit;vertical-align: baseline\"><strong style=\"margin: 0px;padding: 0px;border: 0px;font-style: inherit;font-weight: bold;font-size: inherit;line-height: inherit;font-family: inherit;vertical-align: baseline\">Super trotteur parlant 2 en 1 : le meilleur appui pour votre enfant<\/strong><\/p>\n<p style=\"margin: 0px 0px 6px;padding: 0px;border: 0px;font-style: inherit;font-weight: inherit;font-size: inherit;line-height: inherit;font-family: inherit;vertical-align: baseline\">Quand votre b\u00e9b\u00e9 grandit, c\u2019est le moment de lui offrir ce Super trotteur parlant 2 en 1. Encouragez ses efforts dans le confort tout en lui apprenant \u00e0 marcher en toute s\u00e9curit\u00e9.<\/p>\n<h2 style=\"margin: 0px 0px 6px;padding: 10px 0px 0px;border: 0px;font-style: inherit;font-weight: bold;font-size: 1.6rem;line-height: 1.1;font-family: inherit;vertical-align: baseline\"><strong>Super trotteur parlant 2 en 1 : pour aider b\u00e9b\u00e9 \u00e0 bien grandir<\/strong><\/h2>\n<p style=\"margin: 0px 0px 6px;padding: 0px;border: 0px;font-style: inherit;font-weight: inherit;font-size: inherit;line-height: inherit;font-family: inherit;vertical-align: baseline\">B\u00e9b\u00e9 peut partir \u00e0 la d\u00e9couverte de son entourage en toute s\u00e9curit\u00e9 gr\u00e2ce \u00e0 ce jouet multifonctions . Ce trotteur est con\u00e7u pour l&#8217;amuser, l&#8217;\u00e9veiller et lui procurer des moments de joie tout au long de sa croissance.<\/p>\n<\/div>\n","protected":false},"featured_media":2082,"comment_status":"open","ping_status":"closed","template":"","meta":{"site-sidebar-layout":"default","site-content-layout":"","ast-site-content-layout":"","site-content-style":"default","site-sidebar-style":"default","ast-global-header-display":"","ast-banner-title-visibility":"","ast-main-header-display":"","ast-hfb-above-header-display":"","ast-hfb-below-header-display":"","ast-hfb-mobile-header-display":"","site-post-title":"","ast-breadcrumbs-content":"","ast-featured-img":"","footer-sml-layout":"","theme-transparent-header-meta":"","adv-header-id-meta":"","stick-header-meta":"","header-above-stick-meta":"","header-main-stick-meta":"","header-below-stick-meta":"","astra-migrate-meta-layouts":"default","ast-page-background-enabled":"default","ast-page-background-meta":{"desktop":{"background-color":"var(--ast-global-color-4)","background-image":"","background-repeat":"repeat","background-position":"center center","background-size":"auto","background-attachment":"scroll","background-type":"","background-media":"","overlay-type":"","overlay-color":"","overlay-opacity":"","overlay-gradient":""},"tablet":{"background-color":"","background-image":"","background-repeat":"repeat","background-position":"center center","background-size":"auto","background-attachment":"scroll","background-type":"","background-media":"","overlay-type":"","overlay-color":"","overlay-opacity":"","overlay-gradient":""},"mobile":{"background-color":"","background-image":"","background-repeat":"repeat","background-position":"center center","background-size":"auto","background-attachment":"scroll","background-type":"","background-media":"","overlay-type":"","overlay-color":"","overlay-opacity":"","overlay-gradient":""}},"ast-content-background-meta":{"desktop":{"background-color":"var(--ast-global-color-5)","background-image":"","background-repeat":"repeat","background-position":"center center","background-size":"auto","background-attachment":"scroll","background-type":"","background-media":"","overlay-type":"","overlay-color":"","overlay-opacity":"","overlay-gradient":""},"tablet":{"background-color":"var(--ast-global-color-5)","background-image":"","background-repeat":"repeat","background-position":"center center","background-size":"auto","background-attachment":"scroll","background-type":"","background-media":"","overlay-type":"","overlay-color":"","overlay-opacity":"","overlay-gradient":""},"mobile":{"background-color":"var(--ast-global-color-5)","background-image":"","background-repeat":"repeat","background-position":"center center","background-size":"auto","background-attachment":"scroll","background-type":"","background-media":"","overlay-type":"","overlay-color":"","overlay-opacity":"","overlay-gradient":""}}},"product_cat":[58],"product_tag":[],"jetpack_sharing_enabled":true,"_links":{"self":[{"href":"https:\/\/bambinoscorner.ma\/index.php?rest_route=\/wp\/v2\/product\/2083"}],"collection":[{"href":"https:\/\/bambinoscorner.ma\/index.php?rest_route=\/wp\/v2\/product"}],"about":[{"href":"https:\/\/bambinoscorner.ma\/index.php?rest_route=\/wp\/v2\/types\/product"}],"replies":[{"embeddable":true,"href":"https:\/\/bambinoscorner.ma\/index.php?rest_route=%2Fwp%2Fv2%2Fcomments&post=2083"}],"version-history":[{"count":0,"href":"https:\/\/bambinoscorner.ma\/index.php?rest_route=\/wp\/v2\/product\/2083\/revisions"}],"wp:featuredmedia":[{"embeddable":true,"href":"https:\/\/bambinoscorner.ma\/index.php?rest_route=\/wp\/v2\/media\/2082"}],"wp:attachment":[{"href":"https:\/\/bambinoscorner.ma\/index.php?rest_route=%2Fwp%2Fv2%2Fmedia&parent=2083"}],"wp:term":[{"taxonomy":"product_cat","embeddable":true,"href":"https:\/\/bambinoscorner.ma\/index.php?rest_route=%2Fwp%2Fv2%2Fproduct_cat&post=2083"},{"taxonomy":"product_tag","embeddable":true,"href":"https:\/\/bambinoscorner.ma\/index.php?rest_route=%2Fwp%2Fv2%2Fproduct_tag&post=2083"}],"curies":[{"name":"wp","href":"https:\/\/api.w.org\/{rel}","templated":true}]}}