{"id":2016,"date":"2025-09-12T20:33:17","date_gmt":"2025-09-12T20:33:17","guid":{"rendered":"https:\/\/bambinoscorner.ma\/?product=tire-lait-electrique-main-libre-horigen"},"modified":"2025-09-12T20:33:20","modified_gmt":"2025-09-12T20:33:20","slug":"tire-lait-electrique-main-libre-horigen","status":"publish","type":"product","link":"https:\/\/bambinoscorner.ma\/?product=tire-lait-electrique-main-libre-horigen","title":{"rendered":"Tire lait \u00e9lectrique main libre Horigen"},"content":{"rendered":"<p>Offrez-vous la simplicit\u00e9 avec ce tire-lait \u00e9lectrique mains libres, con\u00e7u pour r\u00e9pondre \u00e0<br \/>\nvos besoins essentiels d\u2019allaitement. Gr\u00e2ce \u00e0 ses 2 modes et ses 5 niveaux r\u00e9glables,<br \/>\nil vous accompagne avec efficacit\u00e9 :<\/p>\n<p>Mode Simulation : Stimule doucement pour pr\u00e9parer l\u2019extraction.<br \/>\nMode Expression : Assure une extraction r\u00e9guli\u00e8re et efficace.<br \/>\nCaract\u00e9ristiques Cl\u00e9s<br \/>\nMains Libres : Con\u00e7u pour vous lib\u00e9rer les mains et faciliter votre quotidien.<br \/>\nCompact et Silencieux : Parfait pour une utilisation discr\u00e8te, \u00e0 la maison ou en<br \/>\nd\u00e9placement.<br \/>\nFacile \u00e0 Nettoyer : Toutes les parties (sauf la pompe \u00e9lectronique) peuvent \u00eatre lav\u00e9es<br \/>\net st\u00e9rilis\u00e9es pour une hygi\u00e8ne parfaite.<br \/>\nCapacit\u00e9 Pratique :&nbsp;La bouteille incluse peut contenir jusqu\u2019\u00e0 180 ml de lait.<br \/>\nUn tire-lait simple, fiable et accessible, parfait pour les mamans recherchant une solution&nbsp;pratique au quotidien.<\/p>\n","protected":false},"excerpt":{"rendered":"<p>Offrez-vous la simplicit\u00e9 avec ce tire-lait \u00e9lectrique mains libres, con\u00e7u pour r\u00e9pondre \u00e0 vos besoins essentiels d\u2019allaitement. Gr\u00e2ce \u00e0 ses 2 modes et ses 5 niveaux r\u00e9glables, il vous accompagne avec efficacit\u00e9 : Mode Simulation : Stimule doucement pour pr\u00e9parer l\u2019extraction. Mode Expression : Assure une extraction r\u00e9guli\u00e8re et efficace. Caract\u00e9ristiques Cl\u00e9s Mains Libres : [&hellip;]<\/p>\n","protected":false},"featured_media":2015,"comment_status":"open","ping_status":"closed","template":"","meta":{"site-sidebar-layout":"default","site-content-layout":"","ast-site-content-layout":"","site-content-style":"default","site-sidebar-style":"default","ast-global-header-display":"","ast-banner-title-visibility":"","ast-main-header-display":"","ast-hfb-above-header-display":"","ast-hfb-below-header-display":"","ast-hfb-mobile-header-display":"","site-post-title":"","ast-breadcrumbs-content":"","ast-featured-img":"","footer-sml-layout":"","theme-transparent-header-meta":"","adv-header-id-meta":"","stick-header-meta":"","header-above-stick-meta":"","header-main-stick-meta":"","header-below-stick-meta":"","astra-migrate-meta-layouts":"default","ast-page-background-enabled":"default","ast-page-background-meta":{"desktop":{"background-color":"var(--ast-global-color-4)","background-image":"","background-repeat":"repeat","background-position":"center center","background-size":"auto","background-attachment":"scroll","background-type":"","background-media":"","overlay-type":"","overlay-color":"","overlay-opacity":"","overlay-gradient":""},"tablet":{"background-color":"","background-image":"","background-repeat":"repeat","background-position":"center center","background-size":"auto","background-attachment":"scroll","background-type":"","background-media":"","overlay-type":"","overlay-color":"","overlay-opacity":"","overlay-gradient":""},"mobile":{"background-color":"","background-image":"","background-repeat":"repeat","background-position":"center center","background-size":"auto","background-attachment":"scroll","background-type":"","background-media":"","overlay-type":"","overlay-color":"","overlay-opacity":"","overlay-gradient":""}},"ast-content-background-meta":{"desktop":{"background-color":"var(--ast-global-color-5)","background-image":"","background-repeat":"repeat","background-position":"center center","background-size":"auto","background-attachment":"scroll","background-type":"","background-media":"","overlay-type":"","overlay-color":"","overlay-opacity":"","overlay-gradient":""},"tablet":{"background-color":"var(--ast-global-color-5)","background-image":"","background-repeat":"repeat","background-position":"center center","background-size":"auto","background-attachment":"scroll","background-type":"","background-media":"","overlay-type":"","overlay-color":"","overlay-opacity":"","overlay-gradient":""},"mobile":{"background-color":"var(--ast-global-color-5)","background-image":"","background-repeat":"repeat","background-position":"center center","background-size":"auto","background-attachment":"scroll","background-type":"","background-media":"","overlay-type":"","overlay-color":"","overlay-opacity":"","overlay-gradient":""}}},"product_cat":[41,57],"product_tag":[],"jetpack_sharing_enabled":true,"_links":{"self":[{"href":"https:\/\/bambinoscorner.ma\/index.php?rest_route=\/wp\/v2\/product\/2016"}],"collection":[{"href":"https:\/\/bambinoscorner.ma\/index.php?rest_route=\/wp\/v2\/product"}],"about":[{"href":"https:\/\/bambinoscorner.ma\/index.php?rest_route=\/wp\/v2\/types\/product"}],"replies":[{"embeddable":true,"href":"https:\/\/bambinoscorner.ma\/index.php?rest_route=%2Fwp%2Fv2%2Fcomments&post=2016"}],"version-history":[{"count":0,"href":"https:\/\/bambinoscorner.ma\/index.php?rest_route=\/wp\/v2\/product\/2016\/revisions"}],"wp:featuredmedia":[{"embeddable":true,"href":"https:\/\/bambinoscorner.ma\/index.php?rest_route=\/wp\/v2\/media\/2015"}],"wp:attachment":[{"href":"https:\/\/bambinoscorner.ma\/index.php?rest_route=%2Fwp%2Fv2%2Fmedia&parent=2016"}],"wp:term":[{"taxonomy":"product_cat","embeddable":true,"href":"https:\/\/bambinoscorner.ma\/index.php?rest_route=%2Fwp%2Fv2%2Fproduct_cat&post=2016"},{"taxonomy":"product_tag","embeddable":true,"href":"https:\/\/bambinoscorner.ma\/index.php?rest_route=%2Fwp%2Fv2%2Fproduct_tag&post=2016"}],"curies":[{"name":"wp","href":"https:\/\/api.w.org\/{rel}","templated":true}]}}