{"id":1893,"date":"2024-09-02T21:14:11","date_gmt":"2024-09-02T21:14:11","guid":{"rendered":"https:\/\/bambinoscorner.ma\/produit\/abena-maternity-pads-premium-soft-et-super-absorbant-15-pieces\/"},"modified":"2025-09-13T17:19:04","modified_gmt":"2025-09-13T17:19:04","slug":"abena-maternity-pads-premium-soft-et-super-absorbant-15-pieces","status":"publish","type":"product","link":"https:\/\/bambinoscorner.ma\/?product=abena-maternity-pads-premium-soft-et-super-absorbant-15-pieces","title":{"rendered":"ABENA MATERNITY PADS PREMIUM SOFT ET SUPER ABSORBANT 15 PIECES"},"content":{"rendered":"","protected":false},"excerpt":{"rendered":"<p><a class=\"accordion-title js-accordion active_accordion hidden-lg-up\" href=\"https:\/\/universparadiscount.ma\/couches-et-slips-maternite\/3635-abena-abena-maternity-pads-premium-soft-et-super-absorbant-15-pieces-couches-et-slips-maternite.html#description\" style=\"background-color: transparent;color: var(--color-primary);text-decoration: none;font-size: 14px;position: relative;padding-top: 15px;padding-bottom: 15px;text-transform: uppercase;font-weight: var(--font-weight-semi);font-family: Roboto, Helvetica, Arial, sans-serif;border-top: 1px solid var(--ax-line-color);font-style: normal;letter-spacing: normal;text-align: start;text-indent: 0px\">DESCRIPTION<\/a><\/p>\n<div id=\"description\" class=\"wc-tab tab-pane active js-product-tab-active\" style=\"padding-bottom: 20px;font-family: Roboto, Helvetica, Arial, sans-serif;font-size: 14px;font-style: normal;font-weight: 400;letter-spacing: normal;text-align: start;text-indent: 0px;text-transform: none;text-decoration: none\">\n<div class=\"product-description\">\n<p style=\"margin-top: 0px;margin-bottom: 15px\">La&nbsp;<strong style=\"font-weight: 700\">Serviette Post Partum<\/strong><span class=\"Apple-converted-space\">&nbsp;<\/span>Abena a \u00e9t\u00e9 sp\u00e9cialement con\u00e7ue pour les jeunes maman, afin de pouvoir g\u00e9rer facilement les fuites post natales.<\/p>\n<p style=\"margin-top: 0px;margin-bottom: 15px\">&nbsp;<\/p>\n<p style=\"margin-top: 0px;margin-bottom: 15px\"><strong style=\"font-weight: 700\">Forme anatomique &#8220;Perfect Body Fit<\/strong>&#8221; : le protection abena maternity pads a \u00e9t\u00e9 con\u00e7ue pour s&#8217;adapter parfaitement \u00e0 la morphologie des m\u00e8res, ce qui la rend plus confortable \u00e0 l&#8217;usage, tout en conservant un faible risque de fuites.<\/p>\n<p style=\"margin-top: 0px;margin-bottom: 15px\">\n<strong style=\"font-weight: 700\">Voile externe Air Plus a\u00e9r\u00e9,<\/strong><span class=\"Apple-converted-space\">&nbsp;<\/span>doux et non bruyant laissant respirer la peau, r\u00e9duisant les irritations cutann\u00e9es.<\/p>\n<p style=\"margin-top: 0px;margin-bottom: 15px\">\n<strong style=\"font-weight: 700\">Voile de surface &#8220;Extra Soft&#8221;<\/strong><span class=\"Apple-converted-space\">&nbsp;<\/span>: le voile de surface est con\u00e7u \u00e0 partir d&#8217;un non tiss\u00e9 extra doux apportant confort et limitant le risque d&#8217;irritations<\/p>\n<p style=\"margin-top: 0px;margin-bottom: 15px\">\n<strong style=\"font-weight: 700\">Syst\u00e8me &#8220;Odour System&#8221;<\/strong><span class=\"Apple-converted-space\">&nbsp;<\/span>limitant le d\u00e9veloppement des odeurs et des bact\u00e9ries.<\/p>\n<\/div>\n<\/div>\n","protected":false},"featured_media":1892,"comment_status":"open","ping_status":"closed","template":"","meta":{"site-sidebar-layout":"default","site-content-layout":"","ast-site-content-layout":"","site-content-style":"default","site-sidebar-style":"default","ast-global-header-display":"","ast-banner-title-visibility":"","ast-main-header-display":"","ast-hfb-above-header-display":"","ast-hfb-below-header-display":"","ast-hfb-mobile-header-display":"","site-post-title":"","ast-breadcrumbs-content":"","ast-featured-img":"","footer-sml-layout":"","theme-transparent-header-meta":"","adv-header-id-meta":"","stick-header-meta":"","header-above-stick-meta":"","header-main-stick-meta":"","header-below-stick-meta":"","astra-migrate-meta-layouts":"default","ast-page-background-enabled":"default","ast-page-background-meta":{"desktop":{"background-color":"var(--ast-global-color-4)","background-image":"","background-repeat":"repeat","background-position":"center center","background-size":"auto","background-attachment":"scroll","background-type":"","background-media":"","overlay-type":"","overlay-color":"","overlay-opacity":"","overlay-gradient":""},"tablet":{"background-color":"","background-image":"","background-repeat":"repeat","background-position":"center center","background-size":"auto","background-attachment":"scroll","background-type":"","background-media":"","overlay-type":"","overlay-color":"","overlay-opacity":"","overlay-gradient":""},"mobile":{"background-color":"","background-image":"","background-repeat":"repeat","background-position":"center center","background-size":"auto","background-attachment":"scroll","background-type":"","background-media":"","overlay-type":"","overlay-color":"","overlay-opacity":"","overlay-gradient":""}},"ast-content-background-meta":{"desktop":{"background-color":"var(--ast-global-color-5)","background-image":"","background-repeat":"repeat","background-position":"center center","background-size":"auto","background-attachment":"scroll","background-type":"","background-media":"","overlay-type":"","overlay-color":"","overlay-opacity":"","overlay-gradient":""},"tablet":{"background-color":"var(--ast-global-color-5)","background-image":"","background-repeat":"repeat","background-position":"center center","background-size":"auto","background-attachment":"scroll","background-type":"","background-media":"","overlay-type":"","overlay-color":"","overlay-opacity":"","overlay-gradient":""},"mobile":{"background-color":"var(--ast-global-color-5)","background-image":"","background-repeat":"repeat","background-position":"center center","background-size":"auto","background-attachment":"scroll","background-type":"","background-media":"","overlay-type":"","overlay-color":"","overlay-opacity":"","overlay-gradient":""}}},"product_cat":[41],"product_tag":[],"jetpack_sharing_enabled":true,"_links":{"self":[{"href":"https:\/\/bambinoscorner.ma\/index.php?rest_route=\/wp\/v2\/product\/1893"}],"collection":[{"href":"https:\/\/bambinoscorner.ma\/index.php?rest_route=\/wp\/v2\/product"}],"about":[{"href":"https:\/\/bambinoscorner.ma\/index.php?rest_route=\/wp\/v2\/types\/product"}],"replies":[{"embeddable":true,"href":"https:\/\/bambinoscorner.ma\/index.php?rest_route=%2Fwp%2Fv2%2Fcomments&post=1893"}],"version-history":[{"count":0,"href":"https:\/\/bambinoscorner.ma\/index.php?rest_route=\/wp\/v2\/product\/1893\/revisions"}],"wp:featuredmedia":[{"embeddable":true,"href":"https:\/\/bambinoscorner.ma\/index.php?rest_route=\/wp\/v2\/media\/1892"}],"wp:attachment":[{"href":"https:\/\/bambinoscorner.ma\/index.php?rest_route=%2Fwp%2Fv2%2Fmedia&parent=1893"}],"wp:term":[{"taxonomy":"product_cat","embeddable":true,"href":"https:\/\/bambinoscorner.ma\/index.php?rest_route=%2Fwp%2Fv2%2Fproduct_cat&post=1893"},{"taxonomy":"product_tag","embeddable":true,"href":"https:\/\/bambinoscorner.ma\/index.php?rest_route=%2Fwp%2Fv2%2Fproduct_tag&post=1893"}],"curies":[{"name":"wp","href":"https:\/\/api.w.org\/{rel}","templated":true}]}}