{"id":1876,"date":"2024-09-02T20:09:35","date_gmt":"2024-09-02T20:09:35","guid":{"rendered":"https:\/\/bambinoscorner.ma\/produit\/trousse-de-soin-et-toilette-miniland-valencia\/"},"modified":"2025-04-09T16:10:14","modified_gmt":"2025-04-09T16:10:14","slug":"trousse-de-soin-et-toilette-miniland-valencia","status":"publish","type":"product","link":"https:\/\/bambinoscorner.ma\/?product=trousse-de-soin-et-toilette-miniland-valencia","title":{"rendered":"Trousse de soin et toilette Miniland Valencia"},"content":{"rendered":"","protected":false},"excerpt":{"rendered":"<p>Ce coffret de toilette est con\u00e7u pour une utilisation \u00e0 long terme, accompagnant ainsi la croissance de votre enfant. Tous les accessoires sont fabriqu\u00e9s en PP durable et r\u00e9sistant, garantissant ainsi leur durabilit\u00e9.<\/p>\n<p>L\u2019\u00e9tui de la trousse est imperm\u00e9able, ce qui contribue \u00e0 maintenir une hygi\u00e8ne et une propret\u00e9 optimales. Il prot\u00e8ge les accessoires de la poussi\u00e8re et de l\u2019humidit\u00e9, assurant ainsi leur conservation dans les meilleures conditions.<\/p>\n<p>La trousse de soin sant\u00e9 et toilette b\u00e9b\u00e9 de<span class=\"Apple-converted-space\">&nbsp;<\/span><a href=\"https:\/\/bebemaman.ma\/marque\/miniland\/\" style=\"background-color: transparent;text-decoration: none;cursor: pointer;color: var(--accent-color)\">Miniland<\/a><span class=\"Apple-converted-space\">&nbsp;<\/span>est disponible en diff\u00e9rentes couleurs, dont le Candy, le Mint, le Bleu et le Rose et Valencia. Vous pouvez choisir la couleur qui correspond le mieux \u00e0 vos pr\u00e9f\u00e9rences ou \u00e0 celles de la personne \u00e0 qui vous souhaitez offrir ce coffret.<\/p>\n","protected":false},"featured_media":1874,"comment_status":"open","ping_status":"closed","template":"","meta":{"site-sidebar-layout":"default","site-content-layout":"","ast-site-content-layout":"","site-content-style":"default","site-sidebar-style":"default","ast-global-header-display":"","ast-banner-title-visibility":"","ast-main-header-display":"","ast-hfb-above-header-display":"","ast-hfb-below-header-display":"","ast-hfb-mobile-header-display":"","site-post-title":"","ast-breadcrumbs-content":"","ast-featured-img":"","footer-sml-layout":"","theme-transparent-header-meta":"","adv-header-id-meta":"","stick-header-meta":"","header-above-stick-meta":"","header-main-stick-meta":"","header-below-stick-meta":"","astra-migrate-meta-layouts":"default","ast-page-background-enabled":"default","ast-page-background-meta":{"desktop":{"background-color":"var(--ast-global-color-4)","background-image":"","background-repeat":"repeat","background-position":"center center","background-size":"auto","background-attachment":"scroll","background-type":"","background-media":"","overlay-type":"","overlay-color":"","overlay-opacity":"","overlay-gradient":""},"tablet":{"background-color":"","background-image":"","background-repeat":"repeat","background-position":"center center","background-size":"auto","background-attachment":"scroll","background-type":"","background-media":"","overlay-type":"","overlay-color":"","overlay-opacity":"","overlay-gradient":""},"mobile":{"background-color":"","background-image":"","background-repeat":"repeat","background-position":"center center","background-size":"auto","background-attachment":"scroll","background-type":"","background-media":"","overlay-type":"","overlay-color":"","overlay-opacity":"","overlay-gradient":""}},"ast-content-background-meta":{"desktop":{"background-color":"var(--ast-global-color-5)","background-image":"","background-repeat":"repeat","background-position":"center center","background-size":"auto","background-attachment":"scroll","background-type":"","background-media":"","overlay-type":"","overlay-color":"","overlay-opacity":"","overlay-gradient":""},"tablet":{"background-color":"var(--ast-global-color-5)","background-image":"","background-repeat":"repeat","background-position":"center center","background-size":"auto","background-attachment":"scroll","background-type":"","background-media":"","overlay-type":"","overlay-color":"","overlay-opacity":"","overlay-gradient":""},"mobile":{"background-color":"var(--ast-global-color-5)","background-image":"","background-repeat":"repeat","background-position":"center center","background-size":"auto","background-attachment":"scroll","background-type":"","background-media":"","overlay-type":"","overlay-color":"","overlay-opacity":"","overlay-gradient":""}}},"product_cat":[42,41],"product_tag":[],"jetpack_sharing_enabled":true,"_links":{"self":[{"href":"https:\/\/bambinoscorner.ma\/index.php?rest_route=\/wp\/v2\/product\/1876"}],"collection":[{"href":"https:\/\/bambinoscorner.ma\/index.php?rest_route=\/wp\/v2\/product"}],"about":[{"href":"https:\/\/bambinoscorner.ma\/index.php?rest_route=\/wp\/v2\/types\/product"}],"replies":[{"embeddable":true,"href":"https:\/\/bambinoscorner.ma\/index.php?rest_route=%2Fwp%2Fv2%2Fcomments&post=1876"}],"version-history":[{"count":1,"href":"https:\/\/bambinoscorner.ma\/index.php?rest_route=\/wp\/v2\/product\/1876\/revisions"}],"predecessor-version":[{"id":1877,"href":"https:\/\/bambinoscorner.ma\/index.php?rest_route=\/wp\/v2\/product\/1876\/revisions\/1877"}],"wp:featuredmedia":[{"embeddable":true,"href":"https:\/\/bambinoscorner.ma\/index.php?rest_route=\/wp\/v2\/media\/1874"}],"wp:attachment":[{"href":"https:\/\/bambinoscorner.ma\/index.php?rest_route=%2Fwp%2Fv2%2Fmedia&parent=1876"}],"wp:term":[{"taxonomy":"product_cat","embeddable":true,"href":"https:\/\/bambinoscorner.ma\/index.php?rest_route=%2Fwp%2Fv2%2Fproduct_cat&post=1876"},{"taxonomy":"product_tag","embeddable":true,"href":"https:\/\/bambinoscorner.ma\/index.php?rest_route=%2Fwp%2Fv2%2Fproduct_tag&post=1876"}],"curies":[{"name":"wp","href":"https:\/\/api.w.org\/{rel}","templated":true}]}}